{"id":3715,"date":"2026-01-06T19:33:47","date_gmt":"2026-01-06T18:33:47","guid":{"rendered":"http:\/\/agrodrive.pl\/?post_type=product&#038;p=3715"},"modified":"2026-01-06T19:57:40","modified_gmt":"2026-01-06T18:57:40","slug":"plaskownik-roboczy-crossboard-zakrzywiony-100-mm-vaderstad","status":"publish","type":"product","link":"https:\/\/agrodrive.pl\/?product=plaskownik-roboczy-crossboard-zakrzywiony-100-mm-vaderstad","title":{"rendered":"P\u0142askownik roboczy CrossBoard zakrzywiony 100 mm Vaderstad"},"content":{"rendered":"<p>Pasuje do:<\/p>\n<p>Vaderstad Ferox 500ST, Ferox 600T, NZ Aggressive 500ST, NZ Aggressive 600T, NZ Aggressive 500-1000, NZ Mounted 500, NZ Mounted 600, NZ Mini 400-500, NZ Favorit 450-600|NZ Intense 450-600, NZ Exklusiv 500-1100|NZ Galant 600-1100, Spirit 400-900S, Spirit 400-900S|Spirit 400C, Spirit 600C, Spirit 600-900C, Rapid 300-400C\/S, Rapid A 400-450S, Rapid A 500-800S, Rapid A 600-800C, Rapid P 300-450, Rapid P 500-800, Rapid P 600-800, Rapid F 300-450, Rapid F 500-800<\/p>\n","protected":false},"excerpt":{"rendered":"<p>P\u0142askownik roboczy CrossBoard zakrzywiony 100 mm Vaderstad gwarantuje r\u00f3wn\u0105, dobrze spulchnion\u0105 powierzchni\u0119 pola. Dzi\u0119ki solidnemu wykonaniu i dopasowaniu do oryginalnego systemu Vaderstad sprawdza si\u0119 doskonale nawet w wymagaj\u0105cych warunkach glebowych.<\/p>\n","protected":false},"featured_media":3755,"comment_status":"closed","ping_status":"closed","template":"","meta":{"_bst_post_transparent":"","_bst_post_title":"","_bst_post_layout":"","_bst_post_sidebar_id":"","_bst_post_content_style":"","_bst_post_vertical_padding":"","_bst_post_feature":"","_bst_post_feature_position":"","_bst_post_header":false,"_bst_post_footer":false},"product_brand":[141],"product_cat":[102],"product_tag":[],"product_brands":[110],"class_list":{"0":"post-3715","1":"product","2":"type-product","3":"status-publish","4":"has-post-thumbnail","6":"product_brand-vaderstad","7":"product_cat-maszyny-uprawowe","8":"product_brands-vaderstad","10":"first","11":"onbackorder","12":"purchasable","13":"product-type-simple","14":"entry","15":"content-bg","16":"loop-entry"},"jetpack_sharing_enabled":true,"_links":{"self":[{"href":"https:\/\/agrodrive.pl\/index.php?rest_route=\/wp\/v2\/product\/3715","targetHints":{"allow":["GET"]}}],"collection":[{"href":"https:\/\/agrodrive.pl\/index.php?rest_route=\/wp\/v2\/product"}],"about":[{"href":"https:\/\/agrodrive.pl\/index.php?rest_route=\/wp\/v2\/types\/product"}],"replies":[{"embeddable":true,"href":"https:\/\/agrodrive.pl\/index.php?rest_route=%2Fwp%2Fv2%2Fcomments&post=3715"}],"wp:featuredmedia":[{"embeddable":true,"href":"https:\/\/agrodrive.pl\/index.php?rest_route=\/wp\/v2\/media\/3755"}],"wp:attachment":[{"href":"https:\/\/agrodrive.pl\/index.php?rest_route=%2Fwp%2Fv2%2Fmedia&parent=3715"}],"wp:term":[{"taxonomy":"product_brand","embeddable":true,"href":"https:\/\/agrodrive.pl\/index.php?rest_route=%2Fwp%2Fv2%2Fproduct_brand&post=3715"},{"taxonomy":"product_cat","embeddable":true,"href":"https:\/\/agrodrive.pl\/index.php?rest_route=%2Fwp%2Fv2%2Fproduct_cat&post=3715"},{"taxonomy":"product_tag","embeddable":true,"href":"https:\/\/agrodrive.pl\/index.php?rest_route=%2Fwp%2Fv2%2Fproduct_tag&post=3715"},{"taxonomy":"product_brands","embeddable":true,"href":"https:\/\/agrodrive.pl\/index.php?rest_route=%2Fwp%2Fv2%2Fproduct_brands&post=3715"}],"curies":[{"name":"wp","href":"https:\/\/api.w.org\/{rel}","templated":true}]}}