{"id":3696,"date":"2026-01-06T19:33:25","date_gmt":"2026-01-06T18:33:25","guid":{"rendered":"http:\/\/agrodrive.pl\/?post_type=product&#038;p=3696"},"modified":"2026-01-06T19:58:39","modified_gmt":"2026-01-06T18:58:39","slug":"zestaw-redlic-skrzydelkowych-marathon-vaderstad","status":"publish","type":"product","link":"https:\/\/agrodrive.pl\/?product=zestaw-redlic-skrzydelkowych-marathon-vaderstad","title":{"rendered":"Zestaw redlic skrzyde\u0142kowych Marathon Vaderstad"},"content":{"rendered":"<p>Pasuje do:<\/p>\n<p>Vaderstad Cultus 300-400, TopDown 300-900, Opus 400-700, Cultus 300-620, Cultus 420-620<\/p>\n","protected":false},"excerpt":{"rendered":"<p>Zestaw redlic skrzyde\u0142kowych Marathon Vaderstad to oryginalny komplet element\u00f3w roboczych, zaprojektowanych do intensywnej uprawy gleby i precyzyjnego mieszania resztek po\u017cniwnych. Wykonany w technologii Marathon z hartowanej stali, zapewnia wyj\u0105tkow\u0105 odporno\u015b\u0107 na \u015bcieranie, trwa\u0142o\u015b\u0107 oraz skuteczn\u0105 prac\u0119 w ka\u017cdych warunkach polowych.<\/p>\n","protected":false},"featured_media":3738,"comment_status":"closed","ping_status":"closed","template":"","meta":{"_bst_post_transparent":"","_bst_post_title":"","_bst_post_layout":"","_bst_post_sidebar_id":"","_bst_post_content_style":"","_bst_post_vertical_padding":"","_bst_post_feature":"","_bst_post_feature_position":"","_bst_post_header":false,"_bst_post_footer":false},"product_brand":[141],"product_cat":[102],"product_tag":[],"product_brands":[110],"class_list":{"0":"post-3696","1":"product","2":"type-product","3":"status-publish","4":"has-post-thumbnail","6":"product_brand-vaderstad","7":"product_cat-maszyny-uprawowe","8":"product_brands-vaderstad","10":"first","11":"onbackorder","12":"purchasable","13":"product-type-simple","14":"entry","15":"content-bg","16":"loop-entry"},"jetpack_sharing_enabled":true,"_links":{"self":[{"href":"https:\/\/agrodrive.pl\/index.php?rest_route=\/wp\/v2\/product\/3696","targetHints":{"allow":["GET"]}}],"collection":[{"href":"https:\/\/agrodrive.pl\/index.php?rest_route=\/wp\/v2\/product"}],"about":[{"href":"https:\/\/agrodrive.pl\/index.php?rest_route=\/wp\/v2\/types\/product"}],"replies":[{"embeddable":true,"href":"https:\/\/agrodrive.pl\/index.php?rest_route=%2Fwp%2Fv2%2Fcomments&post=3696"}],"wp:featuredmedia":[{"embeddable":true,"href":"https:\/\/agrodrive.pl\/index.php?rest_route=\/wp\/v2\/media\/3738"}],"wp:attachment":[{"href":"https:\/\/agrodrive.pl\/index.php?rest_route=%2Fwp%2Fv2%2Fmedia&parent=3696"}],"wp:term":[{"taxonomy":"product_brand","embeddable":true,"href":"https:\/\/agrodrive.pl\/index.php?rest_route=%2Fwp%2Fv2%2Fproduct_brand&post=3696"},{"taxonomy":"product_cat","embeddable":true,"href":"https:\/\/agrodrive.pl\/index.php?rest_route=%2Fwp%2Fv2%2Fproduct_cat&post=3696"},{"taxonomy":"product_tag","embeddable":true,"href":"https:\/\/agrodrive.pl\/index.php?rest_route=%2Fwp%2Fv2%2Fproduct_tag&post=3696"},{"taxonomy":"product_brands","embeddable":true,"href":"https:\/\/agrodrive.pl\/index.php?rest_route=%2Fwp%2Fv2%2Fproduct_brands&post=3696"}],"curies":[{"name":"wp","href":"https:\/\/api.w.org\/{rel}","templated":true}]}}