{"id":3667,"date":"2026-01-06T19:32:59","date_gmt":"2026-01-06T18:32:59","guid":{"rendered":"http:\/\/agrodrive.pl\/?post_type=product&#038;p=3667"},"modified":"2026-01-06T20:00:55","modified_gmt":"2026-01-06T19:00:55","slug":"piasta-talerza-vaderstad-482496","status":"publish","type":"product","link":"https:\/\/agrodrive.pl\/?product=piasta-talerza-vaderstad-482496","title":{"rendered":"Piasta talerza Vaderstad 482496"},"content":{"rendered":"<p>Pasuje do:<\/p>\n<p>Vaderstad Spirit 400-900S, Rapid 300-400C\/S, Carrier 1025-1225, Cultus 300-400, Carrier 420-820, Cultus 420-620, Swift 400-870, Spirit 600C, Carrier L\/XL\u00a0425-825, Rapid A 400-800S, Spirit 400-900S|Spirit 400C, Spirit R 300-400S, CarrierDrill 300S, Carrier 925-1225|Carrier 925-1225XL, TopDown 300-900, Carrier X 425-625, Spirit 600-900C, Opus\u00a0400-700, Spirit 400C\/S, Palety, Seed Hawk 400-800C, Carrier 300-400<\/p>\n","protected":false},"excerpt":{"rendered":"<p>Piasta talerza Vaderstad 482496 zapewnia stabilne mocowanie i p\u0142ynne obracanie talerza roboczego. Dzi\u0119ki solidnej konstrukcji i kompatybilno\u015bci z maszynami Vaderstad, jest niezawodnym elementem eksploatacyjnym w ka\u017cdych warunkach pracy.<\/p>\n","protected":false},"featured_media":3711,"comment_status":"closed","ping_status":"closed","template":"","meta":{"_bst_post_transparent":"","_bst_post_title":"","_bst_post_layout":"","_bst_post_sidebar_id":"","_bst_post_content_style":"","_bst_post_vertical_padding":"","_bst_post_feature":"","_bst_post_feature_position":"","_bst_post_header":false,"_bst_post_footer":false},"product_brand":[141],"product_cat":[102],"product_tag":[],"product_brands":[110],"class_list":{"0":"post-3667","1":"product","2":"type-product","3":"status-publish","4":"has-post-thumbnail","6":"product_brand-vaderstad","7":"product_cat-maszyny-uprawowe","8":"product_brands-vaderstad","10":"first","11":"instock","12":"purchasable","13":"product-type-simple","14":"entry","15":"content-bg","16":"loop-entry"},"jetpack_sharing_enabled":true,"_links":{"self":[{"href":"https:\/\/agrodrive.pl\/index.php?rest_route=\/wp\/v2\/product\/3667","targetHints":{"allow":["GET"]}}],"collection":[{"href":"https:\/\/agrodrive.pl\/index.php?rest_route=\/wp\/v2\/product"}],"about":[{"href":"https:\/\/agrodrive.pl\/index.php?rest_route=\/wp\/v2\/types\/product"}],"replies":[{"embeddable":true,"href":"https:\/\/agrodrive.pl\/index.php?rest_route=%2Fwp%2Fv2%2Fcomments&post=3667"}],"wp:featuredmedia":[{"embeddable":true,"href":"https:\/\/agrodrive.pl\/index.php?rest_route=\/wp\/v2\/media\/3711"}],"wp:attachment":[{"href":"https:\/\/agrodrive.pl\/index.php?rest_route=%2Fwp%2Fv2%2Fmedia&parent=3667"}],"wp:term":[{"taxonomy":"product_brand","embeddable":true,"href":"https:\/\/agrodrive.pl\/index.php?rest_route=%2Fwp%2Fv2%2Fproduct_brand&post=3667"},{"taxonomy":"product_cat","embeddable":true,"href":"https:\/\/agrodrive.pl\/index.php?rest_route=%2Fwp%2Fv2%2Fproduct_cat&post=3667"},{"taxonomy":"product_tag","embeddable":true,"href":"https:\/\/agrodrive.pl\/index.php?rest_route=%2Fwp%2Fv2%2Fproduct_tag&post=3667"},{"taxonomy":"product_brands","embeddable":true,"href":"https:\/\/agrodrive.pl\/index.php?rest_route=%2Fwp%2Fv2%2Fproduct_brands&post=3667"}],"curies":[{"name":"wp","href":"https:\/\/api.w.org\/{rel}","templated":true}]}}