{"id":3666,"date":"2026-01-06T19:32:59","date_gmt":"2026-01-06T18:32:59","guid":{"rendered":"http:\/\/agrodrive.pl\/?post_type=product&#038;p=3666"},"modified":"2026-01-06T20:01:05","modified_gmt":"2026-01-06T19:01:05","slug":"talerz-crosscutter-dysk-o510-vaderstad","status":"publish","type":"product","link":"https:\/\/agrodrive.pl\/?product=talerz-crosscutter-dysk-o510-vaderstad","title":{"rendered":"Talerz CrossCutter dysk \u00d8510 Vaderstad"},"content":{"rendered":"<p>Pasuje do:<\/p>\n<p>Vaderstad Carrier XL 625, Carrier XL 725, Carrier XL 425, Carrier XL 525, Parts Catalogue, Carrier XL 625, Carrier XL 625, Carrier XL 725, Carrier XL 725, Carrier XL 425, Carrier XL 425, Carrier XL 525, Carrier XL 525, Carrier XL 625, Carrier XL 625, Carrier XL 725, Carrier XL 725, Carrier XL 425, Carrier XL 425, Carrier XL 525, Carrier XL 525<\/p>\n","protected":false},"excerpt":{"rendered":"<p>Talerz CrossCutter dysk \u00d8510 Vaderstad zapewnia skuteczne ci\u0119cie i mieszanie resztek po\u017cniwnych, minimalizuj\u0105c ryzyko zator\u00f3w. Precyzyjne wykonanie i trwa\u0142a konstrukcja gwarantuj\u0105 niezawodn\u0105 i d\u0142ugotrwa\u0142\u0105 prac\u0119 w ka\u017cdych warunkach.<\/p>\n","protected":false},"featured_media":3710,"comment_status":"closed","ping_status":"closed","template":"","meta":{"_bst_post_transparent":"","_bst_post_title":"","_bst_post_layout":"","_bst_post_sidebar_id":"","_bst_post_content_style":"","_bst_post_vertical_padding":"","_bst_post_feature":"","_bst_post_feature_position":"","_bst_post_header":false,"_bst_post_footer":false},"product_brand":[141],"product_cat":[102],"product_tag":[],"product_brands":[110],"class_list":{"0":"post-3666","1":"product","2":"type-product","3":"status-publish","4":"has-post-thumbnail","6":"product_brand-vaderstad","7":"product_cat-maszyny-uprawowe","8":"product_brands-vaderstad","10":"first","11":"onbackorder","12":"purchasable","13":"product-type-simple","14":"entry","15":"content-bg","16":"loop-entry"},"jetpack_sharing_enabled":true,"_links":{"self":[{"href":"https:\/\/agrodrive.pl\/index.php?rest_route=\/wp\/v2\/product\/3666","targetHints":{"allow":["GET"]}}],"collection":[{"href":"https:\/\/agrodrive.pl\/index.php?rest_route=\/wp\/v2\/product"}],"about":[{"href":"https:\/\/agrodrive.pl\/index.php?rest_route=\/wp\/v2\/types\/product"}],"replies":[{"embeddable":true,"href":"https:\/\/agrodrive.pl\/index.php?rest_route=%2Fwp%2Fv2%2Fcomments&post=3666"}],"wp:featuredmedia":[{"embeddable":true,"href":"https:\/\/agrodrive.pl\/index.php?rest_route=\/wp\/v2\/media\/3710"}],"wp:attachment":[{"href":"https:\/\/agrodrive.pl\/index.php?rest_route=%2Fwp%2Fv2%2Fmedia&parent=3666"}],"wp:term":[{"taxonomy":"product_brand","embeddable":true,"href":"https:\/\/agrodrive.pl\/index.php?rest_route=%2Fwp%2Fv2%2Fproduct_brand&post=3666"},{"taxonomy":"product_cat","embeddable":true,"href":"https:\/\/agrodrive.pl\/index.php?rest_route=%2Fwp%2Fv2%2Fproduct_cat&post=3666"},{"taxonomy":"product_tag","embeddable":true,"href":"https:\/\/agrodrive.pl\/index.php?rest_route=%2Fwp%2Fv2%2Fproduct_tag&post=3666"},{"taxonomy":"product_brands","embeddable":true,"href":"https:\/\/agrodrive.pl\/index.php?rest_route=%2Fwp%2Fv2%2Fproduct_brands&post=3666"}],"curies":[{"name":"wp","href":"https:\/\/api.w.org\/{rel}","templated":true}]}}